3
List the prime factors of 139620590.
2, 5, 31, 233, 1933
What are the prime factors of 60135152?
2, 7, 11, 19, 367
What are the prime factors of 307909227?
3, 37, 197, 14081
What are the prime factors of 380326904?
2, 89, 534167
List the prime factors of 1910145629.
7, 272877947
What are the prime factors of 33501128?
2, 43, 97387
List the prime factors of 1029974074.
2, 47, 10957171
List the prime factors of 84040704.
2, 3, 11, 829
What are the prime factors of 675211012?
2, 7, 1487, 16217
List the prime factors of 17293018.
2, 59, 101, 1451
List the prime factors of 691374002.
2, 11, 71, 113, 3917
List the prime factors of 890669544.
2, 3, 4093, 9067
What are the prime factors of 1240318668?
2, 3, 6361, 16249
What are the prime factors of 246119518?
2, 3529, 34871
List the prime factors of 1422070.
2, 5, 13, 10939
What are the prime factors of 864304416?
2, 3, 3001057
What are the prime factors of 47374395?
3, 5, 71, 44483
List the prime factors of 1286479897.
1286479897
What are the prime factors of 325243020?
2, 3, 5, 5420717
List the prime factors of 61330365.
3, 5, 151433
What are the prime factors of 44617337?
44617337
What are the prime factors of 118006472?
2, 47, 283, 1109
What are the prime factors of 60187184?
2, 109, 34511
List the prime factors of 795622307.
2903, 274069
What are the prime factors of 1141979344?
2, 11, 19, 341501
List the prime factors of 51811515.
3, 5, 7, 109, 503
List the prime factors of 4226213280.
2, 3, 5, 8804611
What are the prime factors of 170324632?
2, 17, 79, 83, 191
What are the prime factors of 4402615350?
2, 3, 5, 7, 31, 135257
What are the prime factors of 32335738?
2, 16167869
What are the prime factors of 492924159?
3, 7, 13, 67, 691
List the prime factors of 1753353563.
13, 59, 151, 15139
What are the prime factors of 48468965?
5, 31, 312703
What are the prime factors of 397592644?
2, 53, 487, 3851
List the prime factors of 48229531.
7, 43, 160231
What are the prime factors of 650733832?
2, 7, 2287, 5081
What are the prime factors of 81032915?
5, 31, 353, 1481
List the prime factors of 397459038.
2, 3, 101, 317, 2069
What are the prime factors of 2195256876?
2, 3, 67, 73, 113, 331
List the prime factors of 47696387.
29, 1644703
List the prime factors of 61408921.
7, 29, 302507
List the prime factors of 300827534.
2, 7, 23, 31, 30137
What are the prime factors of 877722398?
2, 7, 8956351
List the prime factors of 31585377.
3, 10528459
List the prime factors of 341338887.
3, 12642181
List the prime factors of 2781792222.
2, 3, 11, 239, 176353
What are the prime factors of 71970574?
2, 13, 223, 12413
List the prime factors of 297826845.
3, 5, 19855123
List the prime factors of 643360958.
2, 37, 53, 164039
List the prime factors of 7410747412.
2, 103, 419, 42929
List the prime factors of 110250485.
5, 47, 61, 7691
What are the prime factors of 3827068033?
17, 251, 659, 1361
What are the prime factors of 3876399182?
2, 26777, 72383
What are the prime factors of 1765535?
5, 17, 20771
What are the prime factors of 86532927?
3, 13, 461, 4813
What are the prime factors of 449423332?
2, 73, 653, 2357
What are the prime factors of 7300769655?
3, 5, 486717977
What are the prime factors of 316659851?
41, 7723411
List the prime factors of 153618789.
3, 271, 188953
List the prime factors of 96819560.
2, 5, 797, 3037
List the prime factors of 1128059755.
5, 2843, 79357
What are the prime factors of 34798789?
79, 139, 3169
List the prime factors of 481371376.
2, 30085711
List the prime factors of 173576221.
7, 13, 1907431
List the prime factors of 1971002301.
3, 657000767
List the prime factors of 396919662.
2, 3, 66153277
List the prime factors of 81827770.
2, 5, 67, 122131
What are the prime factors of 148099984?
2, 19, 29, 107, 157
List the prime factors of 192776265.
3, 5, 11, 389447
List the prime factors of 54246157.
7, 41, 189011
What are the prime factors of 1058920750?
2, 5, 4235683
List the prime factors of 123074754.
2, 3, 11, 1864769
What are the prime factors of 7647944?
2, 955993
List the prime factors of 1094152671.
3, 71, 113, 5051
What are the prime factors of 498834553?
7, 17, 598841
What are the prime factors of 1950569692?
2, 677, 720299
List the prime factors of 865335360.
2, 3, 5, 17, 3119
What are the prime factors of 924431308?
2, 231107827
List the prime factors of 121479629.
23, 191, 27653
List the prime factors of 221296012.
2, 7, 1307, 6047
What are the prime factors of 36518644?
2, 683, 13367
List the prime factors of 252589254.
2, 3, 42098209
What are the prime factors of 648982137?
3, 269, 804191
List the prime factors of 1436398529.
1436398529
List the prime factors of 669766063.
293, 2285891
List the prime factors of 1170443860.
2, 5, 58522193
List the prime factors of 849302459.
849302459
What are the prime factors of 32677582?
2, 7, 269, 8677
What are the prime factors of 128264955?
3, 5, 7, 13, 93967
List the prime factors of 87425002.
2, 7, 6244643
What are the prime factors of 12843879?
3, 4281293
List the prime factors of 293458911.
3, 4373, 22369
What are the prime factors of 83501538?
2, 3, 31, 71, 6323
List the prime factors of 1281533469.
3, 73, 2269, 2579
What are the prime factors of 494207953?
5449, 90697
What are the prime factors of 1958272592?
2, 122392037
List the prime factors of 89990766.
2, 3, 23, 217369
What are the prime factors of 87021931?
71, 83, 14767
List the prime factors of 613527798.
2, 3, 13, 151, 4007
What are the prime factors of 1727316222?
2, 3, 287886037
List the prime factors of 26158997.
131, 199687
List the prime factors of 404335869.
3, 7, 127, 151607
List the prime factors of 539728391.
2203, 244997
What are the prime factors of 26779271?
1193, 22447
What are the prime factors of 3499651443?
3, 47, 24820223
List the prime factors of 192500006.
2, 96250003
What are the prime factors of 28260570?
2, 3, 5, 13, 233, 311
What are the prime factors of 147708493?
127, 281, 4139
What are the prime factors of 54816429?
3, 23, 47, 16903
List the prime factors of 271156644.
2, 3, 11, 5659
List the prime factors of 1487596246.
2, 103, 1103, 6547
What are the prime factors of 2209129?
13, 169933
List the prime factors of 237068815.
5, 197, 229, 1051
What are the prime factors of 70163221?
199, 352579
List the prime factors of 4008727709.
7, 572675387
What are the prime factors of 967835923?
409, 2366347
List the prime factors of 205261491.
3, 68420497
List the prime factors of 118509788.
2, 17, 1742791
What are the prime factors of 587051249?
587051249
List the prime factors of 1730103359.
269, 499, 12889
What are the prime factors of 190687365?
3, 5, 11, 23, 1861
What are the prime factors of 29953746?
2, 3, 554699
List the prime factors of 59925589.
59925589
What are the prime factors of 37717344?
2, 3, 7, 53, 353
List the prime factors of 53893370.
2, 5, 23, 234319
List the prime factors of 251392784.
2, 15712049
List the prime factors of 15727545.
3, 5, 373, 937
What are the prime factors of 11922854?
2, 5961427
What are the prime factors of 1468683?
3, 53, 3079
List the prime factors of 182884028.
2, 17, 191, 14081
List the prime factors of 80774558.
2, 40387279
What are the prime factors of 1218603999?
3, 617, 658349
List the prime factors of 104174959.
7, 14882137
What are the prime factors of 61793710?
2, 5, 11, 561761
List the prime factors of 1086234294.
2, 3, 19, 23, 414277
List the prime factors of 194261717.
13, 31, 482039
What are the prime factors of 11545417?
13, 888109
List the prime factors of 264407072.
2, 859, 9619
What are the prime factors of 67914904?
2, 103, 82421
List the prime factors of 5717934759.
3, 79, 1409, 17123
List the prime factors of 2537426960.
2, 5, 683, 46439
List the prime factors of 296725822.
2, 89, 1666999
List the prime factors of 334390611.
3, 9257, 12041
What are the prime factors of 2514606832?
2, 19, 131, 233, 271
List the prime factors of 10946280.
2, 3, 5, 19, 4801
List the prime factors of 6578266347.
3, 730918483
List the prime factors of 43062291.
3, 4784699
List the prime factors of 87983242.
2, 389, 113089
What are the prime factors of 241487536?
2, 15092971
List the prime factors of 195435566.
2, 1373, 71171
What are the prime factors of 81173003?
23, 409, 8629
What are the prime factors o